{"id":402,"date":"2024-08-16T18:57:21","date_gmt":"2024-08-16T16:57:21","guid":{"rendered":"https:\/\/meinewebsite23.wordpress.com\/?page_id=75"},"modified":"2025-10-30T13:36:36","modified_gmt":"2025-10-30T12:36:36","slug":"uber-uns","status":"publish","type":"page","link":"https:\/\/selberladen.at\/?page_id=402","title":{"rendered":"\u00dcber uns"},"content":{"rendered":"\n<div class=\"wp-block-group alignfull is-style-default has-small-font-size is-horizontal is-content-justification-center is-nowrap is-layout-flex wp-container-core-group-is-layout-d016c895 wp-block-group-is-layout-flex\" style=\"padding-top:0;padding-right:1em;padding-bottom:0;padding-left:1em\">\n<h2 class=\"wp-block-heading has-text-align-center has-text-color has-link-color has-x-large-font-size wp-elements-db98baf092d1d588fa5de4802e0f3163\" style=\"color:#3983b9\"><strong>Unsere Mission: <\/strong><strong>Eine nachhaltige und zukunftssichere Welt<\/strong><\/h2>\n<\/div>\n\n\n\n<div class=\"wp-block-group alignfull is-vertical is-content-justification-center is-layout-flex wp-container-core-group-is-layout-168da5f4 wp-block-group-is-layout-flex\" style=\"padding-right:5em;padding-left:5em\">\n<div style=\"height:25px\" aria-hidden=\"true\" class=\"wp-block-spacer wp-container-content-c00f5982\"><\/div>\n\n\n\n<p style=\"padding-right:var(--wp--preset--spacing--30);padding-left:var(--wp--preset--spacing--30);font-size:clamp(14px, 0.875rem + ((1vw - 3.2px) * 0.536), 20px);\"><em>Gegr\u00fcndet von einem Trio aus vision\u00e4ren Denkern und erfahrenen Fachleuten, verfolgt Selberladen GmbH das Ziel, moderne Energiel\u00f6sungen zug\u00e4nglich zu machen, die nicht nur umweltfreundlich, sondern auch wirtschaftlich vorteilhaft sind.<\/em><\/p>\n\n\n\n<div style=\"height:25px\" aria-hidden=\"true\" class=\"wp-block-spacer wp-container-content-c00f5982\"><\/div>\n\n\n\n<p class=\"has-text-align-center has-text-color has-link-color wp-elements-91839fb57270847fd71686fb1321733f\" style=\"color:#3983b9;padding-top:0;padding-bottom:0;font-size:clamp(28.836px, 1.802rem + ((1vw - 3.2px) * 1.89), 50px);\"><strong>Unsere Gr\u00fcnder<\/strong><\/p>\n\n\n\n<div class=\"wp-block-columns are-vertically-aligned-center is-layout-flex wp-container-core-columns-is-layout-4d521357 wp-block-columns-is-layout-flex\" style=\"padding-right:0em;padding-left:0em\">\n<div class=\"wp-block-column is-vertically-aligned-center is-layout-flow wp-block-column-is-layout-flow\" style=\"flex-basis:33.33%\">\n<figure class=\"wp-block-image aligncenter size-large is-resized\"><img loading=\"lazy\" decoding=\"async\" width=\"1920\" height=\"2560\" src=\"https:\/\/selberladen.at\/wp-content\/uploads\/2024\/09\/DSC00708-edited-3-scaled.jpg\" alt=\"\" class=\"wp-image-650\" style=\"object-fit:cover;width:250px;height:350px\" srcset=\"https:\/\/selberladen.at\/wp-content\/uploads\/2024\/09\/DSC00708-edited-3-scaled.jpg 1920w, https:\/\/selberladen.at\/wp-content\/uploads\/2024\/09\/DSC00708-edited-3-225x300.jpg 225w, https:\/\/selberladen.at\/wp-content\/uploads\/2024\/09\/DSC00708-edited-3-768x1024.jpg 768w, https:\/\/selberladen.at\/wp-content\/uploads\/2024\/09\/DSC00708-edited-3-1152x1536.jpg 1152w, https:\/\/selberladen.at\/wp-content\/uploads\/2024\/09\/DSC00708-edited-3-1536x2048.jpg 1536w\" sizes=\"auto, (max-width: 1920px) 100vw, 1920px\" \/><\/figure>\n<\/div>\n\n\n\n<div class=\"wp-block-column is-vertically-aligned-center is-layout-flow wp-block-column-is-layout-flow\" style=\"flex-basis:66.66%\">\n<h2 class=\"wp-block-heading\" style=\"font-size:clamp(26.465px, 1.654rem + ((1vw - 3.2px) * 1.655), 45px);\">B\u00e1lint Gazdag<\/h2>\n\n\n\n<p class=\"has-text-color has-link-color wp-elements-31433316d9b3a734e2cb6d95aab1a298\" style=\"color:#1f1f1fe6\">Mit fast einem Jahrzehnt Erfahrung in der Elektromobilit\u00e4t und als versierter Unternehmensberater und Controller, bringt B\u00e1lint sein tiefes Verst\u00e4ndnis f\u00fcr Zahlen und Wirtschaft in jedes Projekt ein. Seine Expertise hilft uns, sowohl \u00f6kologische als auch \u00f6konomische Effizienz zu maximieren.<\/p>\n<\/div>\n<\/div>\n\n\n\n<div style=\"height:0px\" aria-hidden=\"true\" class=\"wp-block-spacer wp-container-content-16d1eb73\"><\/div>\n\n\n\n<div class=\"wp-block-columns are-vertically-aligned-center is-layout-flex wp-container-core-columns-is-layout-4d521357 wp-block-columns-is-layout-flex\" style=\"padding-right:0em;padding-left:0em\">\n<div class=\"wp-block-column is-vertically-aligned-center is-layout-flow wp-block-column-is-layout-flow\" style=\"flex-basis:33.33%\">\n<figure class=\"wp-block-image aligncenter size-large is-resized\"><img loading=\"lazy\" decoding=\"async\" width=\"1921\" height=\"2560\" src=\"https:\/\/selberladen.at\/wp-content\/uploads\/2024\/09\/DSC01474-edited-scaled.jpg\" alt=\"\" class=\"wp-image-652\" style=\"object-fit:cover;width:250px;height:350px\" srcset=\"https:\/\/selberladen.at\/wp-content\/uploads\/2024\/09\/DSC01474-edited-scaled.jpg 1921w, https:\/\/selberladen.at\/wp-content\/uploads\/2024\/09\/DSC01474-edited-225x300.jpg 225w, https:\/\/selberladen.at\/wp-content\/uploads\/2024\/09\/DSC01474-edited-768x1023.jpg 768w, https:\/\/selberladen.at\/wp-content\/uploads\/2024\/09\/DSC01474-edited-1153x1536.jpg 1153w, https:\/\/selberladen.at\/wp-content\/uploads\/2024\/09\/DSC01474-edited-1537x2048.jpg 1537w\" sizes=\"auto, (max-width: 1921px) 100vw, 1921px\" \/><\/figure>\n<\/div>\n\n\n\n<div class=\"wp-block-column is-vertically-aligned-center is-layout-flow wp-block-column-is-layout-flow\" style=\"flex-basis:66.66%\">\n<h2 class=\"wp-block-heading\" style=\"font-size:clamp(26.465px, 1.654rem + ((1vw - 3.2px) * 1.655), 45px);\">Stefan Wagner<\/h2>\n\n\n\n<p class=\"has-text-color has-link-color wp-elements-ba3363b355d531cc1fa1130568920e74\" style=\"color:#1f1f1fe6\">Als Experte f\u00fcr Elektromobilit\u00e4t und Photovoltaik nutzt Stefan nicht nur selbst die Energie seiner eigenen PV-Anlage, sondern teilt sein umfassendes Wissen und seine Leidenschaft, um f\u00fcr jeden Kunden die effizienteste und nachhaltigste L\u00f6sung zu planen und umzusetzen.<\/p>\n<\/div>\n<\/div>\n\n\n\n<div style=\"height:0px\" aria-hidden=\"true\" class=\"wp-block-spacer wp-container-content-16d1eb73\"><\/div>\n\n\n\n<div class=\"wp-block-columns are-vertically-aligned-center is-layout-flex wp-container-core-columns-is-layout-4d521357 wp-block-columns-is-layout-flex\" style=\"padding-right:0em;padding-left:0em\">\n<div class=\"wp-block-column is-vertically-aligned-center is-layout-flow wp-block-column-is-layout-flow\" style=\"flex-basis:33.33%\">\n<figure class=\"wp-block-image aligncenter size-full is-resized\"><img loading=\"lazy\" decoding=\"async\" width=\"375\" height=\"500\" src=\"https:\/\/selberladen.at\/wp-content\/uploads\/2024\/09\/richi_modul_web-edited.jpg\" alt=\"\" class=\"wp-image-653\" style=\"object-fit:cover;width:250px;height:350px\" srcset=\"https:\/\/selberladen.at\/wp-content\/uploads\/2024\/09\/richi_modul_web-edited.jpg 375w, https:\/\/selberladen.at\/wp-content\/uploads\/2024\/09\/richi_modul_web-edited-225x300.jpg 225w\" sizes=\"auto, (max-width: 375px) 100vw, 375px\" \/><\/figure>\n<\/div>\n\n\n\n<div class=\"wp-block-column is-vertically-aligned-center is-layout-flow wp-block-column-is-layout-flow\" style=\"flex-basis:66.66%\">\n<h2 class=\"wp-block-heading\" style=\"font-size:clamp(26.465px, 1.654rem + ((1vw - 3.2px) * 1.655), 45px);\">Richard Winkler<\/h2>\n\n\n\n<p class=\"has-text-color has-link-color wp-elements-e5a1fddd80d845363a4c01451a102110\" style=\"color:#1f1f1fe6\">Richard, unser Elektrikermeister, hat eine tiefe Leidenschaft f\u00fcr erneuerbare Energien. Er ist spezialisiert auf die Planung und Umsetzung von Photovoltaikanlagen und E-Ladestationen f\u00fcr Unternehmen und Gemeinden, wobei er stets darauf achtet, technische Exzellenz und Nachhaltigkeit zu kombinieren.<\/p>\n<\/div>\n<\/div>\n\n\n\n<div style=\"height:17px\" aria-hidden=\"true\" class=\"wp-block-spacer wp-container-content-fd0eeb70\"><\/div>\n\n\n\n<p class=\"has-theme-5-color has-text-color has-link-color wp-elements-631600b8ada077cc805ceb03aa97fd21\"><strong>Unser Anspruch:<\/strong>&nbsp;Bei Selberladen GmbH glauben wir, dass der Schl\u00fcssel zu einer nachhaltigen Zukunft in der intelligenten Nutzung moderner Technologien liegt. Wir sind stolz darauf, unseren Kunden dabei zu helfen, ihre Energieabh\u00e4ngigkeit zu reduzieren und gleichzeitig die Umwelt zu sch\u00fctzen.<\/p>\n\n\n\n<div style=\"height:0px\" aria-hidden=\"true\" class=\"wp-block-spacer wp-container-content-d5d6ef74\"><\/div>\n<\/div>\n\n\n\n<div class=\"wp-block-group alignwide is-layout-flow wp-block-group-is-layout-flow\" style=\"padding-right:1.1em;padding-left:1.1em\">\n<h2 class=\"wp-block-heading has-text-align-center has-text-color has-link-color has-x-large-font-size wp-elements-12d1aba72f362a165832395637d77438\" style=\"color:#3983b9;padding-top:0;padding-bottom:var(--wp--preset--spacing--30)\">Innendienst<\/h2>\n\n\n\n<div class=\"wp-block-columns alignfull is-layout-flex wp-container-core-columns-is-layout-fe3e7870 wp-block-columns-is-layout-flex\" style=\"margin-top:0;margin-bottom:0;padding-top:0;padding-right:2.5em;padding-bottom:0;padding-left:2.5em\">\n<div class=\"wp-block-column is-vertically-aligned-top has-global-padding is-layout-constrained wp-block-column-is-layout-constrained\">\n<figure class=\"wp-block-image size-large is-resized\"><img loading=\"lazy\" decoding=\"async\" width=\"1024\" height=\"683\" src=\"http:\/\/selberladen.at\/wp-content\/uploads\/2024\/08\/dsc01470-1024x683.jpg\" alt=\"\" class=\"wp-image-190\" style=\"object-fit:cover;width:250px;height:350px\" srcset=\"https:\/\/selberladen.at\/wp-content\/uploads\/2024\/08\/dsc01470-1024x683.jpg 1024w, https:\/\/selberladen.at\/wp-content\/uploads\/2024\/08\/dsc01470-300x200.jpg 300w, https:\/\/selberladen.at\/wp-content\/uploads\/2024\/08\/dsc01470-768x512.jpg 768w, https:\/\/selberladen.at\/wp-content\/uploads\/2024\/08\/dsc01470-1536x1024.jpg 1536w, https:\/\/selberladen.at\/wp-content\/uploads\/2024\/08\/dsc01470-2048x1365.jpg 2048w\" sizes=\"auto, (max-width: 1024px) 100vw, 1024px\" \/><\/figure>\n\n\n\n<h2 class=\"wp-block-heading has-large-font-size\">Bernhard Palzer<\/h2>\n\n\n\n<p class=\"has-text-color has-link-color wp-elements-151eddc991aa36a3aab70bfabf150316\" style=\"color:#1f1f1fe6\">Als der Mann hinter backoffice@selberladen.at ist Bernhard eine Ihrer Anlaufstellen. Er k\u00fcmmert sich um Ihre Anliegen und beantwortet etwaige Fragen.<\/p>\n\n\n\n<div style=\"height:30px\" aria-hidden=\"true\" class=\"wp-block-spacer\"><\/div>\n<\/div>\n\n\n\n<div class=\"wp-block-column is-vertically-aligned-top is-layout-flow wp-block-column-is-layout-flow\">\n<figure class=\"wp-block-image size-full is-resized\"><img loading=\"lazy\" decoding=\"async\" width=\"1280\" height=\"1280\" src=\"http:\/\/selberladen.at\/wp-content\/uploads\/2024\/08\/blank-profile-picture-973460_1280.png\" alt=\"\" class=\"wp-image-513\" style=\"object-fit:cover;width:250px;height:350px\" srcset=\"https:\/\/selberladen.at\/wp-content\/uploads\/2024\/08\/blank-profile-picture-973460_1280.png 1280w, https:\/\/selberladen.at\/wp-content\/uploads\/2024\/08\/blank-profile-picture-973460_1280-300x300.png 300w, https:\/\/selberladen.at\/wp-content\/uploads\/2024\/08\/blank-profile-picture-973460_1280-1024x1024.png 1024w, https:\/\/selberladen.at\/wp-content\/uploads\/2024\/08\/blank-profile-picture-973460_1280-150x150.png 150w, https:\/\/selberladen.at\/wp-content\/uploads\/2024\/08\/blank-profile-picture-973460_1280-768x768.png 768w\" sizes=\"auto, (max-width: 1280px) 100vw, 1280px\" \/><\/figure>\n\n\n\n<h2 class=\"wp-block-heading has-large-font-size\">Karin Wagner<\/h2>\n\n\n\n<p class=\"has-text-color has-link-color wp-elements-4c5af568239375b7d16d2db5af7fcc87\" style=\"color:#1f1f1fe6\">Karin ist f\u00fcr die Sauberkeit und Ordnung im B\u00fcro zust\u00e4ndig. Sie sorgt auch regelm\u00e4\u00dfig f\u00fcr das leibliche Wohl unserer Mitarbeiter.<\/p>\n\n\n\n<div style=\"height:30px\" aria-hidden=\"true\" class=\"wp-block-spacer\"><\/div>\n<\/div>\n\n\n\n<div class=\"wp-block-column is-vertically-aligned-top is-layout-flow wp-block-column-is-layout-flow\">\n<figure class=\"wp-block-image size-full is-resized\"><img loading=\"lazy\" decoding=\"async\" width=\"1280\" height=\"1280\" src=\"http:\/\/selberladen.at\/wp-content\/uploads\/2024\/08\/blank-profile-picture-973460_1280.png\" alt=\"\" class=\"wp-image-513\" style=\"object-fit:cover;width:250px;height:350px\" srcset=\"https:\/\/selberladen.at\/wp-content\/uploads\/2024\/08\/blank-profile-picture-973460_1280.png 1280w, https:\/\/selberladen.at\/wp-content\/uploads\/2024\/08\/blank-profile-picture-973460_1280-300x300.png 300w, https:\/\/selberladen.at\/wp-content\/uploads\/2024\/08\/blank-profile-picture-973460_1280-1024x1024.png 1024w, https:\/\/selberladen.at\/wp-content\/uploads\/2024\/08\/blank-profile-picture-973460_1280-150x150.png 150w, https:\/\/selberladen.at\/wp-content\/uploads\/2024\/08\/blank-profile-picture-973460_1280-768x768.png 768w\" sizes=\"auto, (max-width: 1280px) 100vw, 1280px\" \/><\/figure>\n\n\n\n<h2 class=\"wp-block-heading has-large-font-size\">Joel Wagner<\/h2>\n\n\n\n<p class=\"has-text-color has-link-color wp-elements-903f2418f839cbc36fab8cb8b7bc274f\" style=\"color:#1f1f1fe6\">Joel studiert in Wien und verwaltet nebenbei unsere Website. Bei Bedarf unterst\u00fctzt er Karin bei der Instandhaltung des B\u00fcros.<\/p>\n\n\n\n<div style=\"height:30px\" aria-hidden=\"true\" class=\"wp-block-spacer\"><\/div>\n<\/div>\n<\/div>\n\n\n\n<div style=\"height:100px\" aria-hidden=\"true\" class=\"wp-block-spacer\"><\/div>\n<\/div>\n\n\n\n<div class=\"wp-block-group alignwide is-layout-flow wp-block-group-is-layout-flow\" style=\"padding-right:1.1em;padding-left:1.1em\">\n<h2 class=\"wp-block-heading has-text-align-center has-text-color has-link-color has-x-large-font-size wp-elements-c00820217c8e70c81a8d21a07a798956\" style=\"color:#3983b9;padding-top:0;padding-bottom:var(--wp--preset--spacing--30)\">Teamleiter<\/h2>\n\n\n\n<div class=\"wp-block-columns alignfull is-layout-flex wp-container-core-columns-is-layout-fe3e7870 wp-block-columns-is-layout-flex\" style=\"margin-top:0;margin-bottom:0;padding-top:0;padding-right:2.5em;padding-bottom:0;padding-left:2.5em\">\n<div class=\"wp-block-column is-vertically-aligned-top has-global-padding is-layout-constrained wp-block-column-is-layout-constrained\">\n<figure class=\"wp-block-image size-large is-resized\"><img loading=\"lazy\" decoding=\"async\" width=\"1024\" height=\"683\" src=\"https:\/\/selberladen.at\/wp-content\/uploads\/2024\/09\/DSC01438-1024x683.jpg\" alt=\"\" class=\"wp-image-596\" style=\"object-fit:cover;width:250px;height:350px\" srcset=\"https:\/\/selberladen.at\/wp-content\/uploads\/2024\/09\/DSC01438-1024x683.jpg 1024w, https:\/\/selberladen.at\/wp-content\/uploads\/2024\/09\/DSC01438-300x200.jpg 300w, https:\/\/selberladen.at\/wp-content\/uploads\/2024\/09\/DSC01438-768x512.jpg 768w, https:\/\/selberladen.at\/wp-content\/uploads\/2024\/09\/DSC01438-1536x1024.jpg 1536w, https:\/\/selberladen.at\/wp-content\/uploads\/2024\/09\/DSC01438-2048x1365.jpg 2048w\" sizes=\"auto, (max-width: 1024px) 100vw, 1024px\" \/><\/figure>\n\n\n\n<h2 class=\"wp-block-heading has-large-font-size\">Peter <br>Brandst\u00e4tter<\/h2>\n\n\n\n<p class=\"has-text-color has-link-color wp-elements-81adcc27519343d628b972cf8c9f754b\" style=\"color:#1f1f1fe6\">Peter ist unser Allrounder. Er zeichnet sich durch seine Freundlichkeit und seine F\u00e4higkeit Probleme zu l\u00f6sen aus. Geht nicht &#8211; gibts net!<\/p>\n\n\n\n<div style=\"height:30px\" aria-hidden=\"true\" class=\"wp-block-spacer\"><\/div>\n<\/div>\n\n\n\n<div class=\"wp-block-column is-vertically-aligned-top is-layout-flow wp-block-column-is-layout-flow\">\n<figure class=\"wp-block-image size-full is-resized\"><img loading=\"lazy\" decoding=\"async\" width=\"2560\" height=\"1707\" src=\"https:\/\/selberladen.at\/wp-content\/uploads\/2024\/08\/dsc01430-edited-scaled.jpg\" alt=\"\" class=\"wp-image-517\" style=\"object-fit:cover;width:250px;height:350px\" srcset=\"https:\/\/selberladen.at\/wp-content\/uploads\/2024\/08\/dsc01430-edited-scaled.jpg 2560w, https:\/\/selberladen.at\/wp-content\/uploads\/2024\/08\/dsc01430-edited-300x200.jpg 300w, https:\/\/selberladen.at\/wp-content\/uploads\/2024\/08\/dsc01430-edited-1024x683.jpg 1024w, https:\/\/selberladen.at\/wp-content\/uploads\/2024\/08\/dsc01430-edited-768x512.jpg 768w, https:\/\/selberladen.at\/wp-content\/uploads\/2024\/08\/dsc01430-edited-1536x1024.jpg 1536w, https:\/\/selberladen.at\/wp-content\/uploads\/2024\/08\/dsc01430-edited-2048x1365.jpg 2048w\" sizes=\"auto, (max-width: 2560px) 100vw, 2560px\" \/><\/figure>\n\n\n\n<h2 class=\"wp-block-heading has-large-font-size\">Thomas <br>Brandst\u00e4tter<\/h2>\n\n\n\n<p class=\"has-text-color has-link-color wp-elements-aec8829e4029850cf7d10eedfba68e92\" style=\"color:#1f1f1fe6\">Thomas ist im Handwerk begabt und leitet ebenfalls eines unserer Teams. Mit seiner stillen und ruhigen Art f\u00fchrt er alle Arbeiten mit Perfektion aus. <\/p>\n\n\n\n<div style=\"height:30px\" aria-hidden=\"true\" class=\"wp-block-spacer\"><\/div>\n<\/div>\n\n\n\n<div class=\"wp-block-column is-vertically-aligned-top is-layout-flow wp-block-column-is-layout-flow\">\n<figure class=\"wp-block-image size-full is-resized\"><img loading=\"lazy\" decoding=\"async\" width=\"2560\" height=\"1707\" src=\"https:\/\/selberladen.at\/wp-content\/uploads\/2024\/09\/DSC02545-edited-scaled.jpg\" alt=\"\" class=\"wp-image-598\" style=\"object-fit:cover;width:250px;height:350px\" srcset=\"https:\/\/selberladen.at\/wp-content\/uploads\/2024\/09\/DSC02545-edited-scaled.jpg 2560w, https:\/\/selberladen.at\/wp-content\/uploads\/2024\/09\/DSC02545-edited-300x200.jpg 300w, https:\/\/selberladen.at\/wp-content\/uploads\/2024\/09\/DSC02545-edited-1024x683.jpg 1024w, https:\/\/selberladen.at\/wp-content\/uploads\/2024\/09\/DSC02545-edited-768x512.jpg 768w, https:\/\/selberladen.at\/wp-content\/uploads\/2024\/09\/DSC02545-edited-1536x1024.jpg 1536w, https:\/\/selberladen.at\/wp-content\/uploads\/2024\/09\/DSC02545-edited-2048x1365.jpg 2048w\" sizes=\"auto, (max-width: 2560px) 100vw, 2560px\" \/><\/figure>\n\n\n\n<h2 class=\"wp-block-heading has-large-font-size\">Lukas <br>Potz<\/h2>\n\n\n\n<p class=\"has-text-color has-link-color wp-elements-2f1cffb00464e6d9c62282c83cdb2737\" style=\"color:#1f1f1fe6\">Lukas ist ausgebildeter Elektriker und installiert schon seit mehreren Jahren Photovoltaikanlagen. Ihn zeichnet seine Geduld und Gelassenheit aus &#8211; beides Tugenden die er auch in der Imkerei ausleben kann.<\/p>\n\n\n\n<div style=\"height:30px\" aria-hidden=\"true\" class=\"wp-block-spacer\"><\/div>\n<\/div>\n<\/div>\n\n\n\n<div style=\"height:100px\" aria-hidden=\"true\" class=\"wp-block-spacer\"><\/div>\n<\/div>\n\n\n\n<div class=\"wp-block-group alignwide is-layout-flow wp-block-group-is-layout-flow\" style=\"padding-right:1.1em;padding-left:1.1em\">\n<h2 class=\"wp-block-heading has-text-align-center has-text-color has-link-color has-x-large-font-size wp-elements-b374cf679309052a08f21ce7b7b4e20d\" style=\"color:#3983b9;padding-top:0;padding-bottom:var(--wp--preset--spacing--30)\">Montageteam<\/h2>\n\n\n\n<div class=\"wp-block-columns alignfull is-layout-flex wp-container-core-columns-is-layout-fe3e7870 wp-block-columns-is-layout-flex\" style=\"margin-top:0;margin-bottom:0;padding-top:0;padding-right:2.5em;padding-bottom:0;padding-left:2.5em\">\n<div class=\"wp-block-column is-vertically-aligned-top has-global-padding is-layout-constrained wp-block-column-is-layout-constrained\">\n<figure class=\"wp-block-image size-large is-resized\"><img loading=\"lazy\" decoding=\"async\" width=\"1024\" height=\"683\" src=\"http:\/\/selberladen.at\/wp-content\/uploads\/2024\/08\/DSC01464-1024x683.jpg\" alt=\"\" class=\"wp-image-520\" style=\"object-fit:cover;width:250px;height:350px\" srcset=\"https:\/\/selberladen.at\/wp-content\/uploads\/2024\/08\/DSC01464-1024x683.jpg 1024w, https:\/\/selberladen.at\/wp-content\/uploads\/2024\/08\/DSC01464-300x200.jpg 300w, https:\/\/selberladen.at\/wp-content\/uploads\/2024\/08\/DSC01464-768x512.jpg 768w, https:\/\/selberladen.at\/wp-content\/uploads\/2024\/08\/DSC01464-1536x1024.jpg 1536w, https:\/\/selberladen.at\/wp-content\/uploads\/2024\/08\/DSC01464-2048x1365.jpg 2048w\" sizes=\"auto, (max-width: 1024px) 100vw, 1024px\" \/><\/figure>\n\n\n\n<h2 class=\"wp-block-heading has-large-font-size\">David Weissenb\u00f6ck<\/h2>\n\n\n\n<div style=\"height:30px\" aria-hidden=\"true\" class=\"wp-block-spacer\"><\/div>\n<\/div>\n\n\n\n<div class=\"wp-block-column is-vertically-aligned-top is-layout-flow wp-block-column-is-layout-flow\">\n<figure class=\"wp-block-image size-full is-resized\"><img loading=\"lazy\" decoding=\"async\" width=\"1280\" height=\"1280\" src=\"http:\/\/selberladen.at\/wp-content\/uploads\/2024\/08\/blank-profile-picture-973460_1280.png\" alt=\"\" class=\"wp-image-513\" style=\"object-fit:cover;width:250px;height:350px\" srcset=\"https:\/\/selberladen.at\/wp-content\/uploads\/2024\/08\/blank-profile-picture-973460_1280.png 1280w, https:\/\/selberladen.at\/wp-content\/uploads\/2024\/08\/blank-profile-picture-973460_1280-300x300.png 300w, https:\/\/selberladen.at\/wp-content\/uploads\/2024\/08\/blank-profile-picture-973460_1280-1024x1024.png 1024w, https:\/\/selberladen.at\/wp-content\/uploads\/2024\/08\/blank-profile-picture-973460_1280-150x150.png 150w, https:\/\/selberladen.at\/wp-content\/uploads\/2024\/08\/blank-profile-picture-973460_1280-768x768.png 768w\" sizes=\"auto, (max-width: 1280px) 100vw, 1280px\" \/><\/figure>\n\n\n\n<h2 class=\"wp-block-heading has-large-font-size\">Daniel Trimmel<\/h2>\n\n\n\n<div style=\"height:30px\" aria-hidden=\"true\" class=\"wp-block-spacer\"><\/div>\n<\/div>\n\n\n\n<div class=\"wp-block-column is-vertically-aligned-top is-layout-flow wp-block-column-is-layout-flow\">\n<figure class=\"wp-block-image size-full is-resized\"><img loading=\"lazy\" decoding=\"async\" width=\"2560\" height=\"1707\" src=\"http:\/\/selberladen.at\/wp-content\/uploads\/2024\/09\/DSC02540-scaled.jpg\" alt=\"\" class=\"wp-image-600\" style=\"object-fit:cover;width:250px;height:350px\" srcset=\"https:\/\/selberladen.at\/wp-content\/uploads\/2024\/09\/DSC02540-scaled.jpg 2560w, https:\/\/selberladen.at\/wp-content\/uploads\/2024\/09\/DSC02540-300x200.jpg 300w, https:\/\/selberladen.at\/wp-content\/uploads\/2024\/09\/DSC02540-1024x683.jpg 1024w, https:\/\/selberladen.at\/wp-content\/uploads\/2024\/09\/DSC02540-768x512.jpg 768w, https:\/\/selberladen.at\/wp-content\/uploads\/2024\/09\/DSC02540-1536x1024.jpg 1536w, https:\/\/selberladen.at\/wp-content\/uploads\/2024\/09\/DSC02540-2048x1365.jpg 2048w\" sizes=\"auto, (max-width: 2560px) 100vw, 2560px\" \/><\/figure>\n\n\n\n<h2 class=\"wp-block-heading has-large-font-size\">Johannes Baumgartner<\/h2>\n\n\n\n<div style=\"height:30px\" aria-hidden=\"true\" class=\"wp-block-spacer\"><\/div>\n<\/div>\n<\/div>\n\n\n\n<div style=\"height:100px\" aria-hidden=\"true\" class=\"wp-block-spacer\"><\/div>\n<\/div>\n","protected":false},"excerpt":{"rendered":"<p>Unsere Mission: Eine nachhaltige und zukunftssichere Welt Gegr\u00fcndet von einem Trio aus vision\u00e4ren Denkern und erfahrenen Fachleuten, verfolgt Selberladen GmbH das Ziel, moderne Energiel\u00f6sungen zug\u00e4nglich zu machen, die nicht nur umweltfreundlich, sondern auch wirtschaftlich vorteilhaft sind. Unsere Gr\u00fcnder B\u00e1lint Gazdag Mit fast einem Jahrzehnt Erfahrung in der Elektromobilit\u00e4t und als versierter Unternehmensberater und Controller, bringt [&hellip;]<\/p>\n","protected":false},"author":2,"featured_media":0,"parent":0,"menu_order":0,"comment_status":"closed","ping_status":"closed","template":"","meta":{"footnotes":""},"class_list":["post-402","page","type-page","status-publish","hentry"],"jetpack_sharing_enabled":true,"_links":{"self":[{"href":"https:\/\/selberladen.at\/index.php?rest_route=\/wp\/v2\/pages\/402","targetHints":{"allow":["GET"]}}],"collection":[{"href":"https:\/\/selberladen.at\/index.php?rest_route=\/wp\/v2\/pages"}],"about":[{"href":"https:\/\/selberladen.at\/index.php?rest_route=\/wp\/v2\/types\/page"}],"author":[{"embeddable":true,"href":"https:\/\/selberladen.at\/index.php?rest_route=\/wp\/v2\/users\/2"}],"replies":[{"embeddable":true,"href":"https:\/\/selberladen.at\/index.php?rest_route=%2Fwp%2Fv2%2Fcomments&post=402"}],"version-history":[{"count":183,"href":"https:\/\/selberladen.at\/index.php?rest_route=\/wp\/v2\/pages\/402\/revisions"}],"predecessor-version":[{"id":896,"href":"https:\/\/selberladen.at\/index.php?rest_route=\/wp\/v2\/pages\/402\/revisions\/896"}],"wp:attachment":[{"href":"https:\/\/selberladen.at\/index.php?rest_route=%2Fwp%2Fv2%2Fmedia&parent=402"}],"curies":[{"name":"wp","href":"https:\/\/api.w.org\/{rel}","templated":true}]}}